f -a**5/60 + 5*a**4/6 - 25*a**3/6 + 17*a**2. Suppose -3*m = -m - 202. What is the remainder when m is divided by x(17)?
23
Let i = -137 - -263. Suppose 8*k = i + 34. Calculate the remainder when (1 - 1 - -98)*1 is divided by k.
18
Let q = -47 - -96. Let o = 29 - q. Let l = o - -54. Calculate the remainder when 99 is divided by l.
31
Let i = 52 - -17. Suppose -5*x - i = -2*d, 2*x + 19 = 2*d - 35. Calculate the remainder when 197 is divided by d.
21
Let t = 41 + -38. Calculate the remainder when 108*(t - 2)*4/8 is divided by 32.
22
Suppose 261 = 3*t + 2*w - 46, -408 = -4*t - 4*w. Let i = t - 80. Calculate the remainder when 34 is divided by i.
11
Suppose 4*c + 12 = -r, -12 = -r + 5*c + 3. Let s(g) be the third derivative of g**4/24 + 5*g**3/6 + g**2. Calculate the remainder when 9 is divided by s(r).
4
Let x = -1320 + 1511. What is the remainder when x is divided by 39?
35
Let z be 18/3 + -4*(3 + -2). Suppose -6*g = -z*g - 216. Calculate the remainder when g is divided by 15.
9
Suppose -2*r - 4*w + 20 = 0, -3*r + r - 5*w + 18 = 0. Calculate the remainder when 167 is divided by r.
13
Suppose 7*u + u = 72. Calculate the remainder when 3 - (-2 + -24 - 4) is divided by u.
6
Let v(y) = y**3 + y + 16. Suppose -m = -7 + 5. Suppose m*h - 1 = -2*h - r, -h + r = 1. What is the remainder when 29 is divided by v(h)?
13
Suppose 3*l = -4*v - 0 + 39, -39 = -5*l + 2*v. Let i = -5 + 16. What is the remainder when l/21 + 1490/35 is divided by i?
10
Suppose -7*c - 20 = -2*c. Let q = 8 + c. Calculate the remainder when 34 is divided by 34/q + 2/4.
7
Let r(v) = v + 6. Let a be r(-6). Suppose a = -7*t + 4*t + 93. Calculate the remainder when t is divided by 1*-2 - (0 + (13 - 24)).
4
Let i = 1466 + -1452. Calculate the remainder when 180 is divided by i.
12
Suppose 2*j = 3*p - 19, 31 = -5*j + 2*p - 0*p. Let d(c) = 3*c + 7. Let u be d(j). What is the remainder when 38 is divided by 2/3*(-156)/u?
12
Let g(i) = i - 7. Let j(p) = 1. Let m(u) = -g(u) - 4*j(u). Calculate the remainder when (-5 + 3)/(-4 - -2) is divided by m(2).
0
Suppose 0 = t + 3, 2*w + 3*w = -t + 252. Suppose 14 + w = 5*p. Let y(o) = 10*o**2 - 2. Calculate the remainder when y(2) is divided by p.
12
Suppose -3 = 3*g, -3*g = -5*y + 2*g + 25. Suppose y*n - n = 90. Let a = 477 - 461. What is the remainder when n is divided by a?
14
Let m(c) = -c + 54. Let j = 25 + -14. What is the remainder when m(0) is divided by j?
10
Let y(k) = -4*k**3 + 26*k**2 - 7*k + 13. What is the remainder when 300 is divided by y(6)?
42
Let q = 156 + -110. Let v = 91 - q. Suppose -4 = -2*b - 4*a, -9*a - 26 = b + 7. What is the remainder when v is divided by b?
9
Suppose 5*f - 90 = -b, 3*b - 45 = -f - 13. Suppose -i + 40 = 4*i. What is the remainder when 262/i - (-3)/12 is divided by f?
16
Suppose 0 = 5*i, 3*i - 10 = 5*d - 2*i. Let g = 15 + d. What is the remainder when 30 is divided by g?
4
Let u(s) = -16*s + 1. Let a be u(1). Let x = -27 - a. What is the remainder when (x/(-9))/((-4)/(-42)) is divided by 5?
4
Calculate the remainder when 193 is divided by ((-10)/(-45))/((-1)/(-18)) + 24.
25
Let w(s) = 84*s + 94. What is the remainder when w(26) is divided by 24?
22
Let o(d) = -d**2 - 12*d + 68. What is the remainder when 215 is divided by o(-13)?
50
Let w be 6 - (-4)/(5 - 1). Suppose 0 = 2*l - 5 - w. What is the remainder when 16 is divided by l?
4
Suppose 33 + 17 = -5*i. Let c be (115 + 0)*i/25. Calculate the remainder when c/(-14) - 14/49 is divided by 3.
0
Suppose 3*q + 7 = c + q, -4*c - 2*q + 8 = 0. Suppose -205 = -5*l + 5*i, -62 - 53 = -c*l - i. Calculate the remainder when l is divided by 14.
11
Let a(g) = g**3 - g**2 - 19*g - 17. Calculate the remainder when 193 is divided by a(6).
46
Let y be -2 - (-4706)/30 - 6/(-45). Suppose -y = 5*u - 565. Calculate the remainder when u is divided by 21.
19
Suppose 0 = -r - 3*r + 72. What is the remainder when 98 is divided by r?
8
Let h = -84 + 87. What is the remainder when 13 is divided by h?
1
Suppose -4*n + u - 56 = 0, 4*n + 5*u + 86 = 6. Let t = -13 - n. Calculate the remainder when 26 is divided by t/(-5) + 141/15.
8
Suppose -3*c + 85 = 2*t - t, 0 = 2*t - c - 135. Calculate the remainder when t is divided by 25.
20
What is the remainder when 2*495/18 - (6 + -2) is divided by -1 + 1 - 0 - -13?
12
Suppose 2*d - 16 = 24. Suppose 4*n - 5*n + 23 = 0. What is the remainder when n is divided by d?
3
Suppose z + 142 = -3*n, 4 = -n + 2. Let b = -23 - z. Let k = -183 + 212. Calculate the remainder when b is divided by k.
26
Let o be 0*(0 + (-4)/8). Suppose -w + o = -17. What is the remainder when w is divided by 3/(-2) - 15/(-2)?
5
Let y(g) = -g + 12. Suppose 3*s - 1 = 14. What is the remainder when y(s) is divided by (36/(-8))/(21/(-28))*(-2)/(-3)?
3
Let m be 124/(-24) - 2/(-12). Suppose 7 = -3*t - 5. What is the remainder when 46 is divided by 7 + t - m - -4?
10
Suppose -46*a + 3*o + 72 = -43*a, 2*a - 46 = o. What is the remainder when 35 is divided by a?
13
Suppose -4*z - 4*u = -252, -72 = 3*z - 3*u - 237. Let v = -48 + 93. Suppose 3*r = 6*r - v. What is the remainder when z is divided by r?
14
Calculate the remainder when 69 is divided by 1/(-3) - (-1054)/102.
9
Let l = -8 + 48. Calculate the remainder when (2*28/20)/(2/l) is divided by 19.
18
Let q(j) be the second derivative of 13*j**4/12 - 2*j**3/3 + j**2 + 20*j - 8. Suppose y = 4 - 2. What is the remainder when q(y) is divided by 12?
10
Suppose -u + 323 - 36 = 4*x, -3*x + 212 = 4*u. Calculate the remainder when 575 is divided by x.
71
Suppose 4*i = 3*v + 69, -13*i - 3*v + 78 = -10*i. What is the remainder when 229 is divided by i?
19
Suppose 7*f - 4*b = 38, -24*f - 2*b = -19*f - 32. Calculate the remainder when 12 is divided by f.
0
Let l(j) = -j**3 - 14*j**2 + 4. Let h be l(-14). Suppose -4*z - 3*x - x = -168, h*z + 2*x = 174. Calculate the remainder when 134 is divided by z.
44
Let r = -3 + 5. Let t = -981 + 983. Suppose d + r*d = x - t, 5*d - 26 = -x. What is the remainder when 20 is divided by x?
9
Let u(r) = -r**2 - 11*r - 26. Suppose 0 = -8*y - 17 - 15. Calculate the remainder when 6 is divided by u(y).
0
Suppose 50 + 370 = 4*f - 4*w, 4*w + 214 = 2*f. What is the remainder when f is divided by 41?
21
Let u(j) be the second derivative of -43*j**3/6 + j**2/2 + 6*j. Let m be u(-3). Suppose -m = -7*k - 4. Calculate the remainder when 34 is divided by k.
16
Suppose 76*f - 85*f = -207. What is the remainder when 88 is divided by f?
19
Let t(g) = -g**3. Let a(x) = 4*x**3 + 13*x**2 + x + 15. Let l(k) = a(k) + 3*t(k). What is the remainder when 4 is divided by l(-13)?
0
Suppose 309 = 3*w - 153. Let n(l) be the first derivative of 2*l**3/3 + 21*l**2 - 13*l + 2. What is the remainder when w is divided by n(-22)?
30
Let p = 5 + -10. Let f = 50 + -41. What is the remainder when f is divided by (-6)/(((-15)/(-2))/p)?
1
Let a(g) = 44*g - 49. What is the remainder when 90 is divided by a(2)?
12
Let l = -1067 - -1077. Let w = -6 - -11. Let i = w + -2. What is the remainder when l is divided by i?
1
Calculate the remainder when (2 - (1 - 132)) + -2 is divided by 15.
11
Suppose o - 65 = -n, 2*n - 83*o - 114 = -81*o. Calculate the remainder when n is divided by 13.
9
Suppose 5*x - 11 = 29. What is the remainder when 13 is divided by x?
5
Suppose 33*w + 5040 = 113*w. Calculate the remainder when 185 is divided by w.
59
Let q = 37 + -42. Let h = 19 + q. Calculate the remainder when 52 is divided by h.
10
Let c be (-6)/15 + 488/20. Suppose -29*q = -c*q - 30. Calculate the remainder when 28 is divided by q.
4
Suppose -4*y - 4*o = -64, -2*o + 7*o + 90 = 5*y. What is the remainder when 132 is divided by y?
13
Suppose 5*n = -5*k + 325, 3*k - 115 = 2*n + 60. Suppose -2*x = -4*i - 52, 0*x + 49 = -3*i - x. What is the remainder when k is divided by (-5)/i*(48 + 0)?
13
Suppose 5*c - 199 = 116. Let u = 94 - c. Suppose -8*o = 4*o - 96. Calculate the remainder when u is divided by o.
7
Suppose -5*n = -457 - 38. Calculate the remainder when n is divided by (-25 + 8)*1/(-1).
14
Let z be (0 + 20)*(15 - 7). Let g = -48 + z. Calculate the remainder when g is divided by 23.
20
Let i = 405 - 574. Let l = -121 - i. Let c = -32 + l. What is the remainder when 61 is divided by c?
13
Let h(p) be the third derivative of 0 + 1/30*p**5 + 1/120*p**6 + 0*p + 6*p**2 - 1/